5*h + 79852. Let k be z(52). Suppose t = 6*t - 85. Let x be t/(-1 - 6/(-4)). Calculate the greatest common divisor of x and k.
34
Let k be ((-364)/39)/14 - 3444/(-36). What is the greatest common factor of k and 10?
5
Let g(i) = i**3 - 7*i**2 + i - 16. Let a be g(8). Let l = 65 + -59. Let y(f) = -f + 13. Let x be y(l). What is the highest common divisor of x and a?
7
Let n(z) = 5*z**2 - 2*z - 3. Let a be n(-4). Suppose 0 = -267073*x + 267028*x + 2295. What is the greatest common divisor of x and a?
17
Suppose -56*t - 164*t = 18*t - 3860360. Calculate the highest common divisor of 20 and t.
20
Let s = 554 + -151. Suppose 3477 = 109*r + 98. What is the greatest common divisor of s and r?
31
Suppose -12*p + 1622 = 686. Suppose 81*j - p*j - 180 = 0. Suppose d = 43 + 57. What is the highest common factor of j and d?
20
Suppose 473 + 27 = 4*j. Let l(h) = -h**3 - 3*h**2 - 10*h - 6. Let c be l(-4). Calculate the highest common factor of j and c.
25
Let l = -318 + 300. Let s be (-3 - 366/l)*33. What is the greatest common factor of 13 and s?
13
Let a(x) = -x**3 - 85*x**2 - 28*x - 26. Let s be a(-85). What is the greatest common factor of 22 and s?
22
Let o be 10/(-30) + (-44)/3. Let k be (1 - (2 - -122))/(1/o). Suppose 5*b - 14*b + k = 0. What is the highest common divisor of 41 and b?
41
Let q = 1451 - 489. Suppose 18*w = 10 + q. What is the highest common divisor of 180 and w?
18
Let x = -227 + 326. Let j = 79 + -68. Calculate the greatest common divisor of x and j.
11
Let j be ((-99)/66)/((-6)/(-4)). Let w be (-4 + 32)*j/(8/(-10)). Suppose -38*r + 30 = -36*r. What is the highest common divisor of w and r?
5
Let n = -685 - -1004. Let a be (0 - -29)/(12 - 11). What is the highest common factor of a and n?
29
Let j = 24734 + -24131. Let y = 229 - 95. Calculate the highest common divisor of j and y.
67
Suppose 5*p = t - 5, 2*t - 310*p = -312*p + 22. What is the greatest common divisor of 1990 and t?
10
Suppose -386 + 1510 = -3*f - 2*l, 0 = -l + 5. Let m = f - -701. What is the highest common factor of m and 19?
19
Suppose -3*b = -v - 12026, -1868 = -2*b + 2*v + 6140. What is the greatest common factor of b and 955?
191
Suppose 5*p = 12 + 13, 0 = -5*i - 2*p - 4210. Let y = i - -847. Calculate the highest common divisor of y and 23.
1
Suppose 2*f = 8*f - 168. Let j be -84*(-5 + -3 + 4). Suppose -10*d = -7*d - j. Calculate the greatest common factor of d and f.
28
Suppose -44 = 5*h - 0*v + 2*v, -12 = -4*v. Let u = 17 - h. Suppose 46*f + 105 - 1347 = 0. What is the greatest common divisor of u and f?
27
Let z be (-2)/(-60)*4 - 2*(-7197)/45. What is the highest common factor of z and 3?
1
Let i(n) = -n**2 + 11*n - 33. Let o be i(8). Let s be o/(-18)*2 + 9*4. Calculate the greatest common divisor of s and 111.
37
Let g be (-30)/(-120)*(166 - 2). Let r be 3 + 2/(-4)*2. Suppose r*k = -11 + g. Calculate the greatest common divisor of 345 and k.
15
Let h = 7 + -9. Let m = -93 - h. Let u = 115 + m. What is the greatest common divisor of u and 3?
3
Let n(x) = -x**2 + 26*x + 2411. Let a be n(-37). Let p be 54/10 + 8/(-20). Calculate the greatest common divisor of a and p.
5
Suppose 4*q - 28 = 23 + 5. Calculate the greatest common factor of 86 and q.
2
Let c = -4355 + 5309. Calculate the highest common divisor of 742 and c.
106
Let n = -17715 - -39639. What is the greatest common factor of n and 36?
36
Let q be 82/((-114)/266*7/(-6)). Calculate the highest common divisor of 2624 and q.
164
Let n(a) = a + 465. Let h be n(-15). What is the highest common divisor of h and 165?
15
Let u = 2009 - 1997. Calculate the highest common divisor of 786 and u.
6
Let f(p) = 0 - 5 - 14*p + 15*p. Let t be f(21). Let k(s) = 12*s + 20. Let b be k(9). What is the greatest common factor of b and t?
16
Let l = 3388 - 2761. What is the highest common factor of l and 171?
57
Suppose 22*f - 559*f = -2197 - 1025. Let a be (-7)/(-35) + (-58)/(-10). What is the highest common divisor of a and f?
6
Let y = 1009 - -4605. Calculate the highest common factor of y and 56.
14
Let o be (0 - (-54 + 1)) + 4. Suppose 3*c + 48 = o. Calculate the highest common divisor of 7 and c.
1
Let q be 116602/337 - 1/(2/(-8)). What is the highest common divisor of q and 1250?
50
Let n = -109 - -118. Suppose f - 13*t + n*t = 35, 65 = 5*f + 2*t. What is the highest common divisor of f and 30?
15
Let u be (16/6)/(2/36). Suppose -w - 24 = -u. Calculate the highest common factor of 24 and w.
24
Suppose -3*t = -i - t + 8, 5*i - t - 31 = 0. Let f = -628 + 694. Calculate the highest common divisor of i and f.
6
Suppose 785 = 32*h + 177. Calculate the highest common divisor of 1121 and h.
19
Suppose 12555 = 19*g + 62*g. What is the highest common divisor of 9145 and g?
155
Let g be 8025/100*116/3. Calculate the highest common divisor of g and 321.
107
Let t = 29348 - 29234. Calculate the greatest common factor of t and 3154.
38
Let w be (694/6)/((268/(-33) - -8)/(-4)). Calculate the highest common factor of 22 and w.
11
Suppose 0 = -d - 4*c + 490, 9*d - 3499 - 542 = 5*c. Calculate the greatest common divisor of d and 3859.
227
Suppose -5*p + 3702 = -4*n, 17*n - 2868 = -4*p + 13*n. Let h(c) = -2*c**3 - c**2 + 2*c + 2. Let m be h(-2). Calculate the greatest common divisor of p and m.
10
Let j = -476 - -432. Let p = j - -104. Calculate the highest common divisor of 10 and p.
10
Let n(v) = -106*v - 339. Let d be n(-6). Calculate the highest common factor of d and 729.
27
Suppose -5*i + 1873 = -2*v - 1369, -2*i - 4*v = -1292. Suppose 5*y - i = 9*y. Let t = 266 + y. What is the highest common factor of 13 and t?
13
Let q be 8 + ((-4752)/64)/((-3)/72). What is the greatest common divisor of 15 and q?
5
Let z(m) = 3*m**2 + 65*m + 486. Let p be z(-8). Calculate the highest common factor of p and 6.
2
Suppose 28 = 9*c - 80. Let d = 2387 - 1223. What is the greatest common divisor of c and d?
12
Suppose 2*t = -7*f + 707, 0 = -4*f + 4*t - 8*t + 404. Calculate the highest common factor of f and 505.
101
Let z(b) = 5*b + 6. Let f be z(6). Let l(s) = -22*s + 666. Let a be l(29). Calculate the greatest common factor of a and f.
4
Suppose 5*l + 3*l = 0. Suppose 0 = 5*q - 160 - l. What is the highest common divisor of 288 and q?
32
Let g be (36*(-18)/(-24))/3. Suppose -2*v + 1484 = 5*i, 3*v = 2*v - 3*i + 741. What is the greatest common divisor of g and v?
9
Let t be (-22)/(-4) - (-1241711)/862. What is the greatest common factor of 36 and t?
6
Let k(r) = -r**3 + 10*r**2 - 8*r + 5. Let d be k(7). Let u = 37 + d. What is the greatest common divisor of u and 19?
19
Suppose 0 = -108*o + 608119 - 38095. What is the highest common factor of o and 87?
29
Suppose -2*v - k + 165 = v, 4*v - 3*k - 220 = 0. Suppose 7*i - v = 22. Suppose i*w = 3*w + 1320. Calculate the greatest common factor of 15 and w.
15
Suppose 628 = 5*n - 4*m - 555, -5*m = 3*n - 695. Let g = 293 + -760. Let z be g/(-5) + (-180)/(-300). Calculate the greatest common factor of z and n.
47
Let a be ((192/10)/(-3))/((-18)/270). Let u = -74 + a. Let t(d) = 38*d - 4. Let p be t(3). What is the greatest common divisor of p and u?
22
Let t(u) = -4*u**2 + 12*u + 10. Let c be t(-5). Let r = c - -438. What is the highest common divisor of 36 and r?
36
Let q = -57 - -184. Let p = 138 - q. Calculate the highest common factor of p and 77.
11
Let b(x) = -x**3 - 5*x**2 + 10*x + 33. Let y be b(-6). Let d(t) = -t**3 + 9*t**2 + 9*t - 26. Let o be d(y). Calculate the highest common divisor of 66 and o.
11
Suppose 33*q - 4995 = 82125. Calculate the greatest common divisor of 11 and q.
11
Let o be 48 + ((-8)/4 - 0). Suppose -t - 4*i = -o, 0 = 2*t + 5*i - 92 - 6. Let d be (2/6 - 1)/((-1)/t). Calculate the greatest common divisor of d and 4.
4
Suppose y - 21 = -o + 5*y, -4*y = -4*o + 36. Suppose 43*p - 40*p - 15 = 0. Suppose -4*d - 5 = -p*d. Calculate the greatest common factor of d and o.
5
Suppose -f - 4*y = -8, -5*f - 5*y = -0*y - 25. Suppose 0 = -i + f, -4*a + 1015 + 41 = 4*i. What is the greatest common factor of a and 20?
20
Let r(f) = -f**2 - 17*f - 74. Let o be r(-9). Let v be (-6 - (-12 - o)) + 11*1. Calculate the greatest common factor of v and 12.
3
Suppose 0 = 3*d - 4*z - 33209 + 5536, 46130 = 5*d - 5*z. Calculate the highest common factor of 17 and d.
17
Suppose 4098 + 2490 = 18*s. What i